{"id":443,"date":"2017-10-09T16:17:34","date_gmt":"2017-10-09T14:17:34","guid":{"rendered":"http:\/\/clicandform.com\/?page_id=443"},"modified":"2021-11-08T15:50:37","modified_gmt":"2021-11-08T14:50:37","slug":"indesign-cc-perfectionnement","status":"publish","type":"page","link":"https:\/\/clicandform.com\/index.php\/mes-formations\/indesign-cc-perfectionnement\/","title":{"rendered":"InDesign CC perfectionnement (2 jours)"},"content":{"rendered":"<div class=\"csRow\">\n<div class=\"csColumnGap\" style=\"margin: 0px; padding: 0px; float: left; width: 4.95e-7%;\"><img src=\"http:\/\/clicandform.com\/wp-content\/plugins\/advanced-wp-columns\/assets\/js\/plugins\/views\/img\/1x1-pixel.png\" \/><\/div>\n<div class=\"csColumn\" style=\"margin: 0px; padding: 0px; float: left; width: 42.8%;\" data-csstartpoint=\"0.000004752929687157348\" data-csendpoint=\"410.50002001171873\" data-cswidth=\"42.8%\" data-csid=\"3bb647af-475d-96fd-9ad4-43bbd1772988\">\n<p><span style=\"color: #800080;\"><strong>Gagner en efficacit\u00e9 dans la mise en forme de ses textes<\/strong><\/span><br \/>\nStyles de paragraphe, de caract\u00e8re<br \/>\nStyles d\u2019objets<br \/>\nRecherches Grep \/Styles Grep<br \/>\nStyles imbriqu\u00e9s<br \/>\nNotes de bas de page et de fin de document<br \/>\nR\u00e9f\u00e9rences crois\u00e9es<\/p>\n<p><span style=\"color: #800080;\"><strong>Mettre en place la structure de la mise en page<br \/>\n<\/strong><span style=\"color: #000000;\">Param\u00e9trer la grille de document en fonction d&rsquo;un paragraphe t\u00e9moin<\/span><br \/>\n<span style=\"color: #000000;\">D\u00e9finir la taille des marges<\/span><br \/>\n<span style=\"color: #000000;\">Importer tout son texte de Word en quelques clics<br \/>\n<\/span><strong><br \/>\nOrganiser son document<\/strong><\/span><br \/>\nRappel sur les gabarits simples<br \/>\nGabarits imbriqu\u00e9s<br \/>\nMarques de section et variables de texte<br \/>\nTable des mati\u00e8res et index<\/p>\n<p><span style=\"color: #800080;\"><strong>Tableaux<\/strong><\/span><br \/>\nCr\u00e9ation d\u2019un tableau vierge<br \/>\nImportation d&rsquo;un tableau EXCEL<br \/>\nMise en forme<br \/>\nGestion des tableaux longs<br \/>\nImage dans un tableau<\/p>\n<p><span style=\"color: #800080;\"><strong>Habillages complexes<\/strong><\/span><br \/>\nHabillage d\u2019un fichier PSD et d\u2019un JPEG d\u00e9tour\u00e9<br \/>\nBlocs ancr\u00e9s<br \/>\nStyles d&rsquo;objets pour automatiser la mise en page des illustrations<\/p>\n<\/div>\n<div class=\"csColumnGap\" style=\"margin: 0px; padding: 0px; float: left; width: 9.38%;\"><img src=\"http:\/\/clicandform.com\/wp-content\/plugins\/advanced-wp-columns\/assets\/js\/plugins\/views\/img\/1x1-pixel.png\" \/><\/div>\n<div class=\"csColumn\" style=\"margin: 0px; padding: 0px; float: left; width: 46.3%;\" data-csstartpoint=\"500.50002001171873\" data-csendpoint=\"945.0000200117188\" data-cswidth=\"46.3%\" data-csid=\"fa4ca60d-3037-1a7f-899d-b4556136db9e\">\n<p><span style=\"color: #800080;\"><strong>Texte et typographie<\/strong><\/span><br \/>\nUtiliser la grille de ligne de base<br \/>\nPr\u00e9sentation du lexique typographique de l&rsquo;Imprimerie nationale : exemples de r\u00e8gles \u00e0 utiliser<br \/>\nParam\u00e9trage pr\u00e9cis de la justification<br \/>\nC\u00e9sures, exceptions de c\u00e9sure<br \/>\nUtiliser la fonction rechercher\/remplacer pour corriger son document<br \/>\nCorriger les erreurs typographiques gr\u00e2ce \u00e0 un script<\/p>\n<p><span style=\"color: #800080;\"><strong>Interactions<\/strong><\/span><br \/>\nSignets, hyperliens<br \/>\nBoutons interactifs et formulaires<br \/>\nIns\u00e9rer une vid\u00e9o ou un fichier audio<br \/>\nExporter le PDF interactif<\/p>\n<p><strong><span style=\"color: #800080;\">Publipostages et cr\u00e9ation d\u2019\u00e9tiquettes<\/span><\/strong><\/p>\n<p><span style=\"color: #800080;\"><strong>Quelques exemples<\/strong><\/span><br \/>\nCr\u00e9ation d&rsquo;un catalogue avec tableaux \u00e0 mettre \u00e0 jour<br \/>\nPublipostage d&rsquo;une invitation<br \/>\nPr\u00e9paration d&rsquo;un document technique de plusieurs dizaines de pages<br \/>\nCr\u00e9er un formulaire interactif<\/p>\n<p><a href=\"http:\/\/clicandform.com\/index.php\/mes-formations\/indesign-cc-initiation\/\">Voir le programme \u00ab\u00a0InDesign initiation\u00a0\u00bb<\/a><\/p>\n<\/div>\n<div class=\"csColumnGap\" style=\"margin: 0px; padding: 0px; float: left; width: 1.56%;\"><img src=\"http:\/\/clicandform.com\/wp-content\/plugins\/advanced-wp-columns\/assets\/js\/plugins\/views\/img\/1x1-pixel.png\" \/><\/div>\n<\/div>\n<p><span style=\"border-radius: 2px; text-indent: 20px; width: auto; padding: 0px 4px 0px 0px; text-align: center; font: bold 11px\/20px 'Helvetica Neue',Helvetica,sans-serif; color: #ffffff; background: #bd081c no-repeat scroll 3px 50% \/ 14px 14px; position: absolute; opacity: 1; z-index: 8675309; display: none; cursor: pointer;\">Enregistrer<\/span><\/p>\n<p><span style=\"border-radius: 2px; text-indent: 20px; width: auto; padding: 0px 4px 0px 0px; text-align: center; font: bold 11px\/20px 'Helvetica Neue',Helvetica,sans-serif; color: #ffffff; background: #bd081c no-repeat scroll 3px 50% \/ 14px 14px; position: absolute; opacity: 1; z-index: 8675309; display: none; cursor: pointer;\">Enregistrer<\/span><\/p>\n","protected":false},"excerpt":{"rendered":"<p>Gagner en efficacit\u00e9 dans la mise en forme de ses textes Styles de paragraphe, de caract\u00e8re Styles d\u2019objets Recherches Grep \/Styles Grep Styles imbriqu\u00e9s Notes de bas de page et de fin de document R\u00e9f\u00e9rences &hellip;<\/p>\n","protected":false},"author":1,"featured_media":0,"parent":46,"menu_order":4,"comment_status":"closed","ping_status":"closed","template":"","meta":[],"_links":{"self":[{"href":"https:\/\/clicandform.com\/index.php\/wp-json\/wp\/v2\/pages\/443"}],"collection":[{"href":"https:\/\/clicandform.com\/index.php\/wp-json\/wp\/v2\/pages"}],"about":[{"href":"https:\/\/clicandform.com\/index.php\/wp-json\/wp\/v2\/types\/page"}],"author":[{"embeddable":true,"href":"https:\/\/clicandform.com\/index.php\/wp-json\/wp\/v2\/users\/1"}],"replies":[{"embeddable":true,"href":"https:\/\/clicandform.com\/index.php\/wp-json\/wp\/v2\/comments?post=443"}],"version-history":[{"count":10,"href":"https:\/\/clicandform.com\/index.php\/wp-json\/wp\/v2\/pages\/443\/revisions"}],"predecessor-version":[{"id":596,"href":"https:\/\/clicandform.com\/index.php\/wp-json\/wp\/v2\/pages\/443\/revisions\/596"}],"up":[{"embeddable":true,"href":"https:\/\/clicandform.com\/index.php\/wp-json\/wp\/v2\/pages\/46"}],"wp:attachment":[{"href":"https:\/\/clicandform.com\/index.php\/wp-json\/wp\/v2\/media?parent=443"}],"curies":[{"name":"wp","href":"https:\/\/api.w.org\/{rel}","templated":true}]}}